{"id":183,"date":"2018-04-26T17:01:49","date_gmt":"2018-04-26T17:01:49","guid":{"rendered":"https:\/\/landofhope.org\/weblog\/?page_id=183"},"modified":"2020-04-22T18:34:44","modified_gmt":"2020-04-22T18:34:44","slug":"nuestros-proyectos","status":"publish","type":"page","link":"https:\/\/www.landofhope.org\/weblog\/nuestros-proyectos\/","title":{"rendered":"MEMORIAS"},"content":{"rendered":"<h5>Nuestros proyectos con Compromiso, Esperanza y Caridad.<\/h5>\n<h4><strong>Misi\u00f3n<\/strong><\/h4>\n<h5>Promover el fortalecimiento, liderazgo comunitario y equidad de g\u00e9nero en los pa\u00edses m\u00e1s desfavorecidos. Con el objetivo de permitir la mejora de la calidad de vida de sus comunidades. Aplicando l\u00edneas de desarrollo local autosostenibles, y empodarerando a los miembros de las mismas. Enmarcados dentro del campo de la educaci\u00f3n, de una educaci\u00f3n en valores, en referencia a unos valores que nos hagan m\u00e1s humanos.<\/h5>\n<h5>La Defensa de la Infancia, la Defensa de la Vida y la instituci\u00f3n de Valores Humanos en la Familia y los entornos en los que crecen los ni\u00f1os y las ni\u00f1as. Todo bajo un paradigma de vida cristiano, y enmarcados en una cultura de Paz, Amor y Esperanza.<\/h5>\n<h5>Estar comprometidos con los m\u00e1s d\u00e9biles y ser los posibilitadores de que todo el mundo escuche \u00absu propia voz\u00bb.<\/h5>\n<h4><strong>Visi\u00f3n<\/strong><\/h4>\n<h5>Financiar y realizar actividades que permitan la mejora de la calidad de vida de la poblaci\u00f3n en los pa\u00edses m\u00e1s desfavorecidos. Priorizando intervenciones en el \u00e1mbito de la salud, educaci\u00f3n y el desarrollo local.<\/h5>\n<h5>La sensibilizaci\u00f3n de la sociedad respecto a los problemas que se viven en los pa\u00edses con peores condiciones de vida, promoviendo la solidaridad entre las personas y los pueblos.<\/h5>\n<h4><strong>Valores<\/strong><\/h4>\n<h5>Empat\u00eda, compromiso, constancia, amor, solidaridad, humildad, transparencia y alegr\u00eda.<\/h5>\n","protected":false},"excerpt":{"rendered":"<p>Nuestros proyectos con Compromiso, Esperanza y Caridad. Misi\u00f3n Promover el fortalecimiento, liderazgo comunitario y equidad de g\u00e9nero en los pa\u00edses m\u00e1s desfavorecidos. Con el objetivo de permitir la mejora de la calidad de vida de sus comunidades. Aplicando l\u00edneas de desarrollo local autosostenibles, y empodarerando a los miembros de las mismas. Enmarcados dentro del campo [&hellip;]<\/p>\n","protected":false},"author":1,"featured_media":0,"parent":0,"menu_order":0,"comment_status":"closed","ping_status":"closed","template":"","meta":{"footnotes":""},"class_list":["post-183","page","type-page","status-publish","hentry"],"jetpack_sharing_enabled":true,"jetpack-related-posts":[],"jetpack_shortlink":"https:\/\/wp.me\/PbkVhX-2X","_links":{"self":[{"href":"https:\/\/www.landofhope.org\/weblog\/wp-json\/wp\/v2\/pages\/183","targetHints":{"allow":["GET"]}}],"collection":[{"href":"https:\/\/www.landofhope.org\/weblog\/wp-json\/wp\/v2\/pages"}],"about":[{"href":"https:\/\/www.landofhope.org\/weblog\/wp-json\/wp\/v2\/types\/page"}],"author":[{"embeddable":true,"href":"https:\/\/www.landofhope.org\/weblog\/wp-json\/wp\/v2\/users\/1"}],"replies":[{"embeddable":true,"href":"https:\/\/www.landofhope.org\/weblog\/wp-json\/wp\/v2\/comments?post=183"}],"version-history":[{"count":8,"href":"https:\/\/www.landofhope.org\/weblog\/wp-json\/wp\/v2\/pages\/183\/revisions"}],"predecessor-version":[{"id":1257,"href":"https:\/\/www.landofhope.org\/weblog\/wp-json\/wp\/v2\/pages\/183\/revisions\/1257"}],"wp:attachment":[{"href":"https:\/\/www.landofhope.org\/weblog\/wp-json\/wp\/v2\/media?parent=183"}],"curies":[{"name":"wp","href":"https:\/\/api.w.org\/{rel}","templated":true}]}}